
36
Let u(o) = o**3 + 3*o**2 - o - 1. Let b be u(3). Let i = -48 + b. Calculate the remainder when 11 is divided by i.
1
Let x(w) = -30*w**3 - w**2 - w. What is the remainder when 87 is divided by x(-1)?
27
Let q = -15 + 113. Let g be q/(-28)*2*2. Calculate the remainder when (-307)/(-5) - g/(-35) is divided by 16.
13
Suppose 8*l = 13*l + 10. Let x = l - -31. What is the remainder when x is divided by 15?
14
Let v be ((-12)/(-5) - 3)/(1/(-5)). Let a = 5 - v. Calculate the remainder when a is divided by 1.
0
What is the remainder when 2 + 2/((-2)/(-53)) is divided by 17 - -1 - (8 - 4)?
13
Let w be (-6)/18 - 110/(-6). Let x = w - 6. Let l = -13 + 59. What is the remainder when l is divided by x?
10
Let a = 505 - -172. Calculate the remainder when a is divided by 34.
31
Suppose 0 = -m - 3 - 0, 118 = 2*a - 2*m. What is the remainder when a is divided by 16?
8
Let o(i) = -13*i - 17. Let x = -25 - -25. Let a be (x + -1)*35/7. Calculate the remainder when o(a) is divided by 13.
9
Let x be (13 - 7)/((-3)/14). What is the remainder when x/(-42) + 80/6 is divided by 7?
0
Let f = -51 - -97. What is the remainder when f is divided by ((-144)/30)/1*-5?
22
Suppose -101 = -3*z + 2*y + 98, -2*y = -4*z + 268. What is the remainder when 136 is divided by z?
67
Suppose -15*h - 6*h + 2751 = 0. Calculate the remainder when h is divided by 7.
5
Suppose -3*h = 4*i - 8, 3*i + 5*h = -i + 8. Suppose 2*r = -i*r + 28. What is the remainder when 48 is divided by r?
6
Let o(b) = 2*b**3 - 6*b**2 + 5*b - 9. Let m be 36/10 - (-6)/15. What is the remainder when o(m) is divided by 23?
20
Let o = -8 - 6. Calculate the remainder when -1 - 1 - (0 + -14) is divided by ((-25)/10 + 2)*o.
5
Calculate the remainder when -2 + 2 - (-7 + -85 + 6) is divided by 44.
42
What is the remainder when 0 - 25/(-15) - (-984)/9 is divided by 56?
55
Let d = -77 - -79. Let b be 0 - (2 + -5 + 2). Suppose -u + 0*u = -b. Calculate the remainder when d is divided by u.
0
Let z(q) = 3*q**2 - 7*q + 1. What is the remainder when z(-5) is divided by 16?
15
Let f = -10 - -22. Let x = 2626 - 2592. Calculate the remainder when x is divided by f.
10
Let n = -11 + 11. Suppose -h - h + 240 = n. Suppose s + 37 - h = 0. Calculate the remainder when s is divided by 21.
20
Suppose -65*f + 9636 = 154*f. What is the remainder when (17/(-1))/(2/(-10)) is divided by f?
41
Let g be (-8)/(-48) - (-905)/6. Suppose f - a = -3*f + g, -3*a + 176 = 5*f. Let u = -21 - -29. What is the remainder when f is divided by u?
5
Let a be (-1)/((0 + -1)/3). Let f = a - -5. What is the remainder when 15 is divided by f?
7
Calculate the remainder when 566 - (7/14)/(1/(-10)) is divided by 41.
38
What is the remainder when 141 is divided by (-25)/((-1625)/(-52)) + 159/5?
17
Let r = -130 - -55. Let t = r - -88. Calculate the remainder when 48 is divided by t.
9
Suppose 16 = 4*b + 4. Suppose 17 = -b*j + 59. Calculate the remainder when 27 is divided by j.
13
Let s(l) be the second derivative of l**3/6 + 20*l**2 + 2*l - 2. What is the remainder when s(13) is divided by 27?
26
Let k(v) = -3*v**2 - 30*v + 79. What is the remainder when 320 is divided by k(-12)?
5
Let h be 905/15 + (-1)/6*2. Suppose 5*u - h = d, 5*u - 5*d - 4 = 56. Calculate the remainder when 41 is divided by u.
5
Suppose 19 - 25 = -2*h. Suppose -21 = -h*i - 4*s, 30 = 4*i - 4*s - 26. Calculate the remainder when 98 is divided by i.
10
Let f = 617 - 243. What is the remainder when f is divided by 24?
14
Suppose -4*p + 25 = p. Suppose p*a + 10 - 15 = 0. What is the remainder when 6 is divided by a?
0
Let p = 39 - -95. Let c = 34 + p. Calculate the remainder when c is divided by 43.
39
Let t(p) = -19*p**2 + 5*p - 5. Let j be t(2). Let l = -58 - j. Let f(h) = 50*h**2 - h - 1. What is the remainder when f(-1) is divided by l?
11
Let i = 28 - -24. Calculate the remainder when i is divided by (4 + -5)/(-2 + (-110)/(-56)).
24
Let u(n) = -n + 4. Let i = 8 + -4. Let x be u(i). Suppose x = -2*k - k + 33. What is the remainder when 42 is divided by k?
9
Suppose 2*d + 2*d - 2*k = 176, k = -d + 47. Calculate the remainder when 988 is divided by d.
43
Suppose -z = -2*z. Suppose 2*k = 4 - z. What is the remainder when 11 is divided by (-5)/(-2) + 3/k?
3
Suppose -7 - 3 = 3*m - 4*z, 3*m - 5*z = -11. Let u(r) = -5*r + 3. Calculate the remainder when 34 is divided by u(m).
8
Let u(t) = 60*t + 2. Let c(o) = 16 - o**2 - 3*o - 4*o + 8*o. What is the remainder when u(1) is divided by c(0)?
14
Suppose -z + 5*z - 160 = 2*m, -5*z + 182 = 2*m. What is the remainder when 1/((-10)/40) - -111 is divided by z?
31
Let q(b) = b**2 + 17*b + 8. Let x be q(-16). What is the remainder when ((-46)/24 + (-2)/x)*-60 is divided by 17?
15
Suppose 20 = -h + 2*h. Suppose 5*i - o - 180 = 0, h = i + 4*o - o. Suppose 150 = 5*r + 5*u, -r - 2*u = -0*r - i. What is the remainder when 49 is divided by r?
24
Let o(d) be the first derivative of -3*d**2/2 + 21*d + 6. Calculate the remainder when o(-6) is divided by 20.
19
Suppose -6*b + 2*b = -4*l - 8, 0 = 5*l - 15. What is the remainder when b + -2 + ((-164)/(-2))/2 is divided by 23?
21
Let n = -27 - -40. Suppose -3*d - 2*c = -c - 103, 2*d = 5*c + 97. Calculate the remainder when d is divided by n.
10
Let p = 1545 + -1449. Calculate the remainder when 211 is divided by p.
19
Let g(s) = 4*s**3 - 60*s**2 - 40*s + 28. Calculate the remainder when g(16) is divided by 46.
44
Let h(g) = g - 1. Let i(f) = f - 5. Let u(z) = -4*h(z) + i(z). What is the remainder when u(-1) is divided by 1?
0
Let m = -2 - -9. Let u = m + -5. What is the remainder when ((-8)/16)/(3 - (-43)/(-14)) is divided by u?
1
Calculate the remainder when (6 + (-27)/(-3))*348/9 is divided by 11.
8
Suppose -v - 8 = 2*a - 128, 3*a = -2*v + 182. Let u(y) = -9*y - 6. What is the remainder when a is divided by u(-4)?
28
Let a(k) = 2*k**2 + 5*k. Suppose 76 = f - 5*v, 0*v = 4*f - v - 323. What is the remainder when f is divided by a(-6)?
39
Let i(g) = -g**2 - 43*g + 19. Calculate the remainder when i(-21) is divided by 23.
21
Suppose 19*y - 2*j - 47 = 18*y, 0 = y + 2*j - 31. Calculate the remainder when 74 is divided by y.
35
Suppose 2*z + 2*z - 12 = 0. Suppose 4*p - 7 = -3. Suppose -z*g + p + 65 = 0. What is the remainder when g is divided by 8?
6
Suppose 5*s = 7*s - 360. Suppose -6*v + s = 3*v. Calculate the remainder when 55 is divided by v.
15
Suppose -9*u + s + 5 = -5*u, -10 = -2*u + 2*s. Suppose -p + 126 = -u*p. What is the remainder when p is divided by 33?
27
Suppose -78 = 18*o - 21*o. Calculate the remainder when o is divided by 2.
0
Suppose -2*c = -2*l + 6, 3*l + l = 3*c + 14. Suppose g - c*b - 12 = 0, -5*g + 2 = -b - 13. Calculate the remainder when g is divided by 1.
0
Suppose -5*q + 20 = -4*a, -4*q - 4*a + 4 = -12. Suppose 2*t - 5*l = -3*t + 40, 3*l = -3*t + 18. Calculate the remainder when t is divided by q.
3
Suppose 0 = -14*r - 0*r + 266. Calculate the remainder when 246 is divided by r.
18
Suppose -3*s - 3*z + 1203 = 0, 5*s + 2*z - 277 - 1719 = 0. What is the remainder when s is divided by 40?
38
Let k = -3063 + 3411. Calculate the remainder when k is divided by 15.
3
Let z = -144 + 52. Let s = z - -107. What is the remainder when 27 is divided by s?
12
Let m = 1 + 2. Suppose -12*n + 17*n - 3*o + 2 = 0, 14 = 3*n + 2*o. What is the remainder when m is divided by n?
1
Let c = 400 - 370. Calculate the remainder when 957 is divided by c.
27
Calculate the remainder when 87 is divided by (-69)/(-115) - ((-94)/(-5))/(-2).
7
Suppose f - v - 15 = 0, 3*f - 5*v = -f + 59. Suppose -20*s = -f*s - 48. Calculate the remainder when 41 is divided by s.
5
Calculate the remainder when 36 + (-25)/(-9) + 26/117 is divided by 30.
9
Let i = -191 - -373. Calculate the remainder when i is divided by 37.
34
What is the remainder when 253 is divided by (-18)/10 - (-7774)/130?
21
Suppose -13 = -2*o + 29. Let m = 208 + -196. Suppose 5*b - 1020 = -m*b. What is the remainder when b is divided by o?
18
Suppose 2*t + 3*t = 10. What is the remainder when 4/18 + 2555/45 is divided by (9/(-12))/(t/(-32))?
9
Let l = -14 - -21. Suppose 11 = -2*z + 5*i, -z - i + 4*i = 7. Calculate the remainder when l is divided by (-1)/(((-6)/9)/z).
1
Let d(a) = a**3 + 6*a**2 - 10*a + 6. Let g(s) = s**2 - s + 1. Let p(o) = -d(o) + 5*g(o). What is the remainder whe